{"id":111,"date":"2019-09-09T21:35:43","date_gmt":"2019-09-10T00:35:43","guid":{"rendered":"http:\/\/buffetdecrepefrances.com.br\/?page_id=111"},"modified":"2023-04-28T18:29:27","modified_gmt":"2023-04-28T21:29:27","slug":"cardapio-le-france","status":"publish","type":"page","link":"https:\/\/buffetdecrepefrances.com.br\/index.php\/one-page-express\/cardapio-le-france\/","title":{"rendered":"Card\u00e1pio Le France"},"content":{"rendered":"\n<figure class=\"wp-block-image size-large is-resized\"><img decoding=\"async\" src=\"http:\/\/buffetdecrepefrances.com.br\/wp-content\/uploads\/2022\/07\/450B919E-4B79-4BEE-9C04-032904EA0C91-1024x720.jpeg\" alt=\"\" class=\"wp-image-337\" width=\"336\" height=\"235\" srcset=\"https:\/\/buffetdecrepefrances.com.br\/wp-content\/uploads\/2022\/07\/450B919E-4B79-4BEE-9C04-032904EA0C91-1024x720.jpeg 1024w, https:\/\/buffetdecrepefrances.com.br\/wp-content\/uploads\/2022\/07\/450B919E-4B79-4BEE-9C04-032904EA0C91-300x211.jpeg 300w, https:\/\/buffetdecrepefrances.com.br\/wp-content\/uploads\/2022\/07\/450B919E-4B79-4BEE-9C04-032904EA0C91-768x540.jpeg 768w, https:\/\/buffetdecrepefrances.com.br\/wp-content\/uploads\/2022\/07\/450B919E-4B79-4BEE-9C04-032904EA0C91.jpeg 1280w\" sizes=\"(max-width: 336px) 100vw, 336px\" \/><\/figure>\n\n\n\n<figure><iframe src=\"https:\/\/www.youtube.com\/embed\/x8udcCpFbno\" width=\"350\" height=\"197\" allowfullscreen=\"allowfullscreen\"><\/iframe><\/figure>\n\n\n\n<p>A Dom Perrier&nbsp;leva todo o glamour da comida francesa \u00e0 sua festa. H\u00e1 mais de 15 anos no mercado de eventos, fazem dessa receita europeia, combinada com o original toque brasileiro, o sucesso do seu evento. A receita pode at\u00e9 parecer simples, mas nas m\u00e3os dessa equipe se transforma numa maravilhosa experi\u00eancia gastron\u00f4mica.<\/p>\n\n\n\n<p class=\"has-background\" style=\"background-color:#cef8e7\"><strong>Card\u00e1pio  &#8220;Le France<\/strong>&#8220;<\/p>\n\n\n<div class=\"wp-block-image\">\n<figure class=\"alignleft size-large is-resized\"><img decoding=\"async\" src=\"http:\/\/buffetdecrepefrances.com.br\/wp-content\/uploads\/2023\/04\/d65a83c9-1ad1-4709-ae3f-9714ea788b38-1024x768.jpeg\" alt=\"\" class=\"wp-image-362\" width=\"-182\" height=\"-136\" srcset=\"https:\/\/buffetdecrepefrances.com.br\/wp-content\/uploads\/2023\/04\/d65a83c9-1ad1-4709-ae3f-9714ea788b38-1024x768.jpeg 1024w, https:\/\/buffetdecrepefrances.com.br\/wp-content\/uploads\/2023\/04\/d65a83c9-1ad1-4709-ae3f-9714ea788b38-300x225.jpeg 300w, https:\/\/buffetdecrepefrances.com.br\/wp-content\/uploads\/2023\/04\/d65a83c9-1ad1-4709-ae3f-9714ea788b38-768x576.jpeg 768w, https:\/\/buffetdecrepefrances.com.br\/wp-content\/uploads\/2023\/04\/d65a83c9-1ad1-4709-ae3f-9714ea788b38-1536x1152.jpeg 1536w, https:\/\/buffetdecrepefrances.com.br\/wp-content\/uploads\/2023\/04\/d65a83c9-1ad1-4709-ae3f-9714ea788b38-1440x1080.jpeg 1440w, https:\/\/buffetdecrepefrances.com.br\/wp-content\/uploads\/2023\/04\/d65a83c9-1ad1-4709-ae3f-9714ea788b38.jpeg 1600w\" sizes=\"(max-width: 1024px) 100vw, 1024px\" \/><\/figure>\n<\/div>\n\n\n<p class=\"has-text-align-left\">Buffet incluindo: &nbsp;Entradas, Saladas, Crepes Salgados, Crepes Doces e Bebidas<br><\/p>\n\n\n\n<p><\/p>\n\n\n\n<p><\/p>\n\n\n\n<p class=\"has-text-align-left\">Entrada: Torradinhas com creme ao Molho do Cheaf<\/p>\n\n\n\n<p><\/p>\n\n\n\n<p class=\"has-background\" style=\"background-color:#cef8e7\"><strong>Crepes Salgados:<\/strong><\/p>\n\n\n\n<p class=\"has-text-align-left\">1 \u2013&nbsp;Creme de Camar\u00e3o<\/p>\n\n\n\n<p class=\"has-text-align-left\">2 \u2013 Frango com Catupiry<\/p>\n\n\n\n<p class=\"has-text-align-left\">3 \u2013 Carne Mo\u00edda, Azeitonas, Bacon e Queijo<\/p>\n\n\n\n<p class=\"has-text-align-left\">4 \u2013 Queijo, Tomate e Manjeric\u00e3o<\/p>\n\n\n\n<p class=\"has-text-align-left\">5 \u2013 Palmito com Bacon e Queijo<\/p>\n\n\n\n<p class=\"has-text-align-left\">6 \u2013 Queijo, Br\u00f3colis e Bacon<\/p>\n\n\n\n<p class=\"has-text-align-left\">7 \u2013 Queijo, Calabresa e Catupiry<\/p>\n\n\n\n<p class=\"has-text-align-left\">8 \u2013 Calabresa com Queijo<\/p>\n\n\n\n<p class=\"has-text-align-left\">9 \u2013 Atum, Queijo e Tomate<\/p>\n\n\n\n<p class=\"has-text-align-left\">10 \u2013&nbsp;Atum, Broc\u00f3lis e Catupiry<\/p>\n\n\n\n<p class=\"has-text-align-left\">11 \u2013 Quatro queijos<\/p>\n\n\n\n<p class=\"has-text-align-left\">12 \u2013 Calabresa com Catupiry<\/p>\n\n\n\n<p class=\"has-text-align-left\">13 \u2013 Calabresa com Cheddar<\/p>\n\n\n\n<p class=\"has-text-align-left\">14 \u2013 Queijo, Palmito e Ervas finas<\/p>\n\n\n\n<p class=\"has-text-align-left\">15 \u2013 Queijo, Tomate, Calabresa e Or\u00e9gano<\/p>\n\n\n\n<p class=\"has-text-align-left\">16 \u2013 &nbsp;Presunto, Queijo, Tomate e Or\u00e9gano<\/p>\n\n\n\n<p class=\"has-text-align-left\">17 \u2013 Milho, Queijo e Or\u00e9gano<\/p>\n\n\n\n<p class=\"has-text-align-left\">18 \u2013&nbsp;Palmito com Catupiry<\/p>\n\n\n\n<p class=\"has-text-align-left\">19 \u2013&nbsp;Presunto com Queijo<\/p>\n\n\n\n<p class=\"has-text-align-left\">20 \u2013 Queijo, Presunto, Azeitonas, Tomate e Catupiry<\/p>\n\n\n\n<p class=\"has-text-align-left\"><strong>Molhos:<\/strong> Molho Branco Bechamel e Molho ao Sugo<\/p>\n\n\n\n<p class=\"has-text-align-left\"><strong>Salada completa<\/strong>:&nbsp;Alface, R\u00facula, Folhas Verdes, Cenoura ralada, Queijo branco, Milho,Tomates,  Palmito e Azeitonas<\/p>\n\n\n\n<p class=\"has-text-align-left\"><strong>Temperos<\/strong>: Queijo parmes\u00e3o ralado, Azeite, Vinagre Bals\u00e1mico, Pimenta, Molho de Alho, Molho Rose e Molho de queijos.<\/p>\n\n\n\n<p class=\"has-background\" style=\"background-color:#cef8e7\"><strong>Crepes Doces<\/strong><\/p>\n\n\n\n<p class=\"has-text-align-left\">1 \u2013 Banana com leite condensado&nbsp; e canela<\/p>\n\n\n\n<p class=\"has-text-align-left\">2 \u2013 Doce de leite c\/ Ameixa<\/p>\n\n\n\n<p class=\"has-text-align-left\">3 \u2013 Romeu e Julieta<\/p>\n\n\n\n<p class=\"has-text-align-left\">4 \u2013 Brigadeiro<\/p>\n\n\n\n<p class=\"has-text-align-left\">5 \u2013 Beijinho ( leite condensado c\/ coco)<\/p>\n\n\n\n<p class=\"has-text-align-left\">6 \u2013 Chocolate com Morango<\/p>\n\n\n\n<p class=\"has-text-align-left\">7 \u2013 Prest\u00edgio<\/p>\n\n\n\n<p class=\"has-text-align-left\">8 \u2013 Goiabada<\/p>\n\n\n\n<p class=\"has-text-align-left\">9 \u2013 Morango com&nbsp;leite condensado<\/p>\n\n\n\n<p class=\"has-text-align-left\">10 \u2013 Banana com Doce de Leite<\/p>\n\n\n\n<p class=\"has-text-align-left\"><strong>Acompanhamentos<\/strong>:  <strong>Sorvete<\/strong>&nbsp;de Creme ou Flocos ( ou sabor de sua prefer\u00eancia), Calda de Chocolate, Calda de Morango,  Calda de Caramelo  e granulado de chocolate e amendoim <\/p>\n\n\n\n<p class=\"has-text-align-left has-background\" style=\"background-color:#cef8e7\"><strong>Bebidas:<\/strong>&nbsp;Refrigerantes; Coca-cola, ( normal e Zero ) Fanta e Guaran\u00e1 Antartica ( normal e Zero ), Sucos e&nbsp; \u00c1gua Mineral<\/p>\n\n\n\n<p class=\"has-text-align-left\">Levamos <strong>Gelo<\/strong> para manter as bebidas refrigeradas<\/p>\n\n\n<div class=\"wp-block-image\">\n<figure class=\"alignleft size-full is-resized\"><img decoding=\"async\" src=\"http:\/\/buffetdecrepefrances.com.br\/wp-content\/uploads\/2023\/04\/WhatsApp-Image-2023-04-28-at-17.29.45.jpeg\" alt=\"\" class=\"wp-image-365\" width=\"-69\" height=\"-46\" srcset=\"https:\/\/buffetdecrepefrances.com.br\/wp-content\/uploads\/2023\/04\/WhatsApp-Image-2023-04-28-at-17.29.45.jpeg 1024w, https:\/\/buffetdecrepefrances.com.br\/wp-content\/uploads\/2023\/04\/WhatsApp-Image-2023-04-28-at-17.29.45-300x199.jpeg 300w, https:\/\/buffetdecrepefrances.com.br\/wp-content\/uploads\/2023\/04\/WhatsApp-Image-2023-04-28-at-17.29.45-768x510.jpeg 768w\" sizes=\"(max-width: 1024px) 100vw, 1024px\" \/><\/figure>\n<\/div>\n\n\n<p class=\"has-text-align-left has-background\" style=\"background-color:#cef8e7\"><strong>Finaliza\u00e7\u00e3o<\/strong>: ser\u00e1 servido Caf\u00e9 com Cookies<br><\/p>\n\n\n\n<p><\/p>\n\n\n\n<p>Levaremos&nbsp;um pedacinho de Paris ao seu grande dia traduzido em um atendimento requintado e de alt\u00edssima qualidade.<br><br>Massa fininha, recheios saborosos e originais v\u00e3o garantir a satisfa\u00e7\u00e3o dos seus convidados.<\/p>\n\n\n\n<p>Com extremo zelo pela qualidade, s\u00f3 trabalhamos com produtos e marcas de excel\u00eancia e sabores reconhecidos, garantindo sempre o sabor original e\u00a0aut\u00eantico para sua festa.<br><br><\/p>\n\n\n\n<p>Levaremos : Pratos de lou\u00e7a branca, talheres de Inox, ta\u00e7as de vidro para servir \u00e1gua, refrigerantes e cervejas, porta guardanapos, molhos e al\u00e9m de todo material para prepara\u00e7\u00e3o dos crepes, <br><br><\/p>\n\n\n\n<figure class=\"wp-block-image size-full is-resized\"><img decoding=\"async\" src=\"http:\/\/buffetdecrepefrances.com.br\/wp-content\/uploads\/2023\/04\/WhatsApp-Image-2023-04-28-at-16.28.19.jpeg\" alt=\"\" class=\"wp-image-360\" width=\"373\" height=\"470\" srcset=\"https:\/\/buffetdecrepefrances.com.br\/wp-content\/uploads\/2023\/04\/WhatsApp-Image-2023-04-28-at-16.28.19.jpeg 813w, https:\/\/buffetdecrepefrances.com.br\/wp-content\/uploads\/2023\/04\/WhatsApp-Image-2023-04-28-at-16.28.19-238x300.jpeg 238w, https:\/\/buffetdecrepefrances.com.br\/wp-content\/uploads\/2023\/04\/WhatsApp-Image-2023-04-28-at-16.28.19-768x967.jpeg 768w\" sizes=\"(max-width: 373px) 100vw, 373px\" \/><\/figure>\n\n\n\n<p>No local deve haver: Cozinha com frezzer e pia.<\/p>\n\n\n\n<p>Chegaremos 2h antes do in\u00edcio do evento<\/p>\n\n\n\n<p>Decora\u00e7\u00e3o  somente da mesa a qual &nbsp;ser\u00e1 servido os Crepes, as Saladas, Bebidas e Caf\u00e9.<\/p>\n\n\n\n<figure class=\"wp-block-image is-resized\"><img decoding=\"async\" src=\"http:\/\/buffetdecrepefrances.com.br\/wp-content\/uploads\/2019\/09\/gu.jpeg\" alt=\"\" class=\"wp-image-159\" width=\"362\" height=\"272\" srcset=\"https:\/\/buffetdecrepefrances.com.br\/wp-content\/uploads\/2019\/09\/gu.jpeg 907w, https:\/\/buffetdecrepefrances.com.br\/wp-content\/uploads\/2019\/09\/gu-300x226.jpeg 300w, https:\/\/buffetdecrepefrances.com.br\/wp-content\/uploads\/2019\/09\/gu-768x578.jpeg 768w\" sizes=\"(max-width: 362px) 100vw, 362px\" \/><\/figure>\n\n\n\n<p class=\"has-text-align-left has-background\" style=\"background-color:#cef8e7\"><strong><font style=\"vertical-align: inherit;\"><font style=\"vertical-align: inherit;\">Incluso:<\/font><\/font><\/strong><font style=\"vertical-align: inherit;\"><font style=\"vertical-align: inherit;\">\u00a0Pratos de Porcelana | Talheres de Inox | Copos de Vidro para Refrigerante e \u00c1gua | Guardanapos de Papel |1 mesas\u00a0de 2,20m por 1,10m para montagem do Buffet | Equipe \u2013 a quantidade de funcion\u00e1rios ser\u00e1 definida \u00e1 partir do n\u00famero de convidados fechados garantido um \u00f3timo servi\u00e7o.<\/font><\/font><\/p>\n\n\n\n<p>Dura\u00e7\u00e3o: 4 \u00a0horas\/ com + 30min de toler\u00e2ncia. ( 4h30 horas )<br><\/p>\n\n\n\n<div class=\"wp-block-button\"><a class=\"wp-block-button__link has-background wp-element-button\" href=\"http:\/\/bit.ly\/2ZJ9Ieh\" style=\"background-color:#21b769\">Or\u00e7amento via Whatsapp <img decoding=\"async\" width=\"30\" height=\"30\" class=\"wp-image-165\" style=\"width: 30px;\" src=\"http:\/\/buffetdecrepefrances.com.br\/wp-content\/uploads\/2019\/09\/favicon.whatsapp.png\" alt=\"\"><\/a><\/div>\n","protected":false},"excerpt":{"rendered":"<p>A Dom Perrier&nbsp;leva todo o glamour da comida francesa \u00e0 sua festa. H\u00e1 mais de 15 anos no mercado de eventos, fazem dessa receita europeia, combinada com o original toque brasileiro, o sucesso do seu evento. A receita pode at\u00e9 parecer simples, mas nas m\u00e3os dessa equipe se transforma numa maravilhosa experi\u00eancia gastron\u00f4mica. Card\u00e1pio &#8220;Le&hellip; <br \/> <a class=\"button small blue\" href=\"https:\/\/buffetdecrepefrances.com.br\/index.php\/one-page-express\/cardapio-le-france\/\">Leia mais<\/a><\/p>\n","protected":false},"author":1,"featured_media":0,"parent":6,"menu_order":2,"comment_status":"closed","ping_status":"closed","template":"page-templates\/homepage.php","meta":{"footnotes":""},"class_list":["post-111","page","type-page","status-publish","hentry"],"aioseo_notices":[],"_links":{"self":[{"href":"https:\/\/buffetdecrepefrances.com.br\/index.php\/wp-json\/wp\/v2\/pages\/111","targetHints":{"allow":["GET"]}}],"collection":[{"href":"https:\/\/buffetdecrepefrances.com.br\/index.php\/wp-json\/wp\/v2\/pages"}],"about":[{"href":"https:\/\/buffetdecrepefrances.com.br\/index.php\/wp-json\/wp\/v2\/types\/page"}],"author":[{"embeddable":true,"href":"https:\/\/buffetdecrepefrances.com.br\/index.php\/wp-json\/wp\/v2\/users\/1"}],"replies":[{"embeddable":true,"href":"https:\/\/buffetdecrepefrances.com.br\/index.php\/wp-json\/wp\/v2\/comments?post=111"}],"version-history":[{"count":12,"href":"https:\/\/buffetdecrepefrances.com.br\/index.php\/wp-json\/wp\/v2\/pages\/111\/revisions"}],"predecessor-version":[{"id":373,"href":"https:\/\/buffetdecrepefrances.com.br\/index.php\/wp-json\/wp\/v2\/pages\/111\/revisions\/373"}],"up":[{"embeddable":true,"href":"https:\/\/buffetdecrepefrances.com.br\/index.php\/wp-json\/wp\/v2\/pages\/6"}],"wp:attachment":[{"href":"https:\/\/buffetdecrepefrances.com.br\/index.php\/wp-json\/wp\/v2\/media?parent=111"}],"curies":[{"name":"wp","href":"https:\/\/api.w.org\/{rel}","templated":true}]}}